Is 133957779 prime?
False
Is 3118425143 a prime number?
True
Is 33736278889 composite?
False
Is 2076829847 composite?
False
Is 11706008819 prime?
True
Is 2195384491 prime?
True
Is 697745703 prime?
False
Is 717742027 composite?
False
Is 16014573593 a composite number?
False
Is 22448200091 a composite number?
False
Is 3108505903 composite?
True
Is 3130988863 a prime number?
True
Is 96532571 a composite number?
False
Is 204799951511 a prime number?
False
Is 32168634617 prime?
False
Is 93654427 a prime number?
False
Is 6964625467 a composite number?
True
Is 10256390783 composite?
True
Is 71231188313 a composite number?
False
Is 79480506251 a prime number?
False
Is 75846961 composite?
True
Is 28887202891 prime?
False
Is 2462821061 a composite number?
False
Is 980546137 a prime number?
True
Is 10594381961 a prime number?
True
Is 64206653351 a composite number?
False
Is 11396113643 composite?
False
Is 9623176253 prime?
True
Is 434450053 composite?
False
Is 2440474811 prime?
True
Is 3690882961 a prime number?
False
Is 10827492999 a composite number?
True
Is 186863717 prime?
True
Is 1865334313 prime?
False
Is 3459920249 prime?
True
Is 26473001527 prime?
False
Is 12747834695 composite?
True
Is 67268189641 prime?
False
Is 21677656573 prime?
False
Is 1308808043 prime?
False
Is 47904631 prime?
True
Is 402762271 prime?
False
Is 1553387999 composite?
False
Is 3607573691 a prime number?
True
Is 17152374199 prime?
False
Is 259729541 a composite number?
True
Is 50525117 a prime number?
True
Is 380362187 a composite number?
True
Is 9470310953 composite?
True
Is 1229916241 a composite number?
False
Is 11867319851 a composite number?
False
Is 2609010993 a prime number?
False
Is 20692748991 composite?
True
Is 388717759 a composite number?
False
Is 365704957 a prime number?
True
Is 56211767641 composite?
False
Is 1857916733 composite?
True
Is 1277214151 a composite number?
True
Is 4311236389 a composite number?
True
Is 3570720379 a prime number?
True
Is 9661184089 a prime number?
False
Is 1693108877 composite?
False
Is 157091405033 composite?
True
Is 270835963 a composite number?
False
Is 2118854587 a composite number?
True
Is 110255336101 a prime number?
True
Is 11171035519 a composite number?
True
Is 70861606813 prime?
False
Is 7598631367 a composite number?
True
Is 260593 a composite number?
True
Is 2263995665 a composite number?
True
Is 832764989 a prime number?
False
Is 63039419099 a prime number?
True
Is 34921876979 composite?
True
Is 62567948077 composite?
False
Is 4019080943 a prime number?
False
Is 19222159477 a composite number?
True
Is 16228915393 a composite number?
True
Is 18779599 prime?
False
Is 14213451909 composite?
True
Is 69768760769 composite?
False
Is 2767188383 prime?
True
Is 220540059841 a composite number?
False
Is 49035614179 a composite number?
False
Is 1042305931 a composite number?
True
Is 183961804129 prime?
True
Is 6852716851 a composite number?
True
Is 1922210881 a prime number?
False
Is 43947794717 composite?
False
Is 616869937 a composite number?
True
Is 5795269241 composite?
True
Is 131800457 a prime number?
False
Is 724890349 a prime number?
True
Is 107983529 a prime number?
True
Is 1782166673 prime?
False
Is 383181167 composite?
False
Is 2972648239 composite?
True
Is 10690153313 a composite number?
True
Is 827948827 a prime number?
True
Is 1860025949 prime?
True
Is 6395202481 composite?
False
Is 2754529999 a prime number?
False
Is 3608380873 prime?
False
Is 648675301 prime?
False
Is 8864066269 a prime number?
False
Is 1686746123 composite?
False
Is 6855867059 a prime number?
True
Is 933403699 a composite number?
True
Is 79204720391 a composite number?
False
Is 1121315821 a prime number?
False
Is 2694733809 a composite number?
True
Is 575240221 a prime number?
False
Is 12674437751 composite?
False
Is 1344760337 a prime number?
False
Is 1284483973 a composite number?
False
Is 175019291 prime?
True
Is 410124395677 a composite number?
False
Is 264854677 prime?
True
Is 6435069233 prime?
True
Is 8383455581 composite?
True
Is 2794647691 composite?
True
Is 66759405269 a prime number?
True
Is 170901127 a prime number?
True
Is 1102524253 a composite number?
False
Is 4257620753 a prime number?
True
Is 721079267 a prime number?
True
Is 1101483043 prime?
False
Is 3344013853 prime?
False
Is 93074861587 composite?
True
Is 2051188039 prime?
False
Is 6418031479 composite?
False
Is 84653143 composite?
False
Is 730581017 a composite number?
True
Is 33924467449 composite?
True
Is 13157820839 composite?
True
Is 22740805657 a composite number?
False
Is 100056075131 a prime number?
True
Is 660182833 a prime number?
True
Is 409975921 prime?
True
Is 265380630589 a composite number?
True
Is 12636478667 composite?
True
Is 9032057 composite?
True
Is 3785208397 a prime number?
True
Is 33285013243 a composite number?
False
Is 10432591861 prime?
False
Is 13111369067 a prime number?
False
Is 691500583 composite?
False
Is 121761833 a composite number?
False
Is 617036399 a prime number?
False
Is 3681133613 a composite number?
True
Is 109282623127 prime?
False
Is 2302491989 a composite number?
True
Is 17877177157 a composite number?
True
Is 818688329 prime?
False
Is 7671184409 composite?
True
Is 2738207353 a prime number?
False
Is 620500159 composite?
True
Is 1704909137 prime?
False
Is 10765192453 composite?
True
Is 897181187 composite?
True
Is 4218350091 a composite number?
True
Is 74074301 a prime number?
False
Is 43950724091 a composite number?
True
Is 6316078117 composite?
True
Is 1400081069 a composite number?
False
Is 2052871129 a composite number?
True
Is 1600586147 a prime number?
True
Is 1603361117 composite?
True
Is 320314277 a prime number?
True
Is 344293093 composite?
False
Is 1482125233 prime?
False
Is 1435260427 a composite number?
False
Is 307613203 composite?
True
Is 1384480627 prime?
True
Is 1125489481 a composite number?
False
Is 3991840441 a prime number?
False
Is 582557359 composite?
False
Is 146865846983 a composite number?
True
Is 577878353 a prime number?
False
Is 830064353 a composite number?
True
Is 3179926499 a prime number?
True
Is 85392935506 a prime number?
False
Is 3433852553 composite?
False
Is 736885813 composite?
False
Is 2379050201 a composite number?
True
Is 3180021211 a prime number?
True
Is 847742867 composite?
False
Is 3810989591 a prime number?
True
Is 714840301 composite?
True
Is 13047751 a composite number?
False
Is 2630588479 a composite number?
True
Is 82281696547 a prime number?
True
Is 790521241 prime?
True
Is 1876267501 a composite number?
False
Is 1556092513 a prime number?
False
Is 783473281 a composite number?
False
Is 505644773 a composite number?
False
Is 5337845437 a composite number?
True
Is 30994186843 a composite number?
True
Is 3579832049 prime?
True
Is 2725015649 a prime number?
True
Is 2612160497 composite?
False
Is 12818413361 a prime number?
False
Is 4771245103 prime?
True
Is 54035372141 composite?
False
Is 1049609083 a prime number?
True
Is 3169546447 a prime number?
True
Is 4381172279 prime?
False
Is 7515228415 a composite number?
True
Is 9984562222 composite?
True
Is 77298527 a composite number?
True
Is 239021888749 a prime number?
False
Is 10300496023 a composite number?
False
Is 12100000181 prime?
False
Is 223416161 a prime number?
True
Is 1016570759 composite?
True
Is 805037707 prime?
True
Is 2504830511 a prime number?
True
Is 4845662963 prime?
True
Is 4826298203 a composite number?
False
Is 4013788039 prime?
False
Is 184548977 a composite number?
True
Is 917728654 a prime number?
False
Is 648949207 composite?
False
Is 318141886861 composite?
False
Is 6669558229 composite?
False
Is 171285733 prime?
False
Is 90030212819 composite?
True
Is 2223651211 a composite number?
True
Is 20019318421 prime?
True
Is 2039586139 composite?
True
Is 1055494277 a composite number?
True
Is 7824419891 a composite number?
False
Is 14317759759 a prime number?
False
Is 13179435131 a prime number?
True
Is 2583778957 prime?
False
Is 474960491 composite?
False
Is 3273168659 prime?
False
Is 961178357 a prime number?
False
Is 60399855443 composite?
True
Is 33321799129 composite?
True
Is 410780067 a prime number?
False
Is 4622603303 composite?
False
Is 365385271 a composite number?
True
Is 12015923219 a prime number?
False
I